{"id":1261,"date":"2023-12-08T14:37:52","date_gmt":"2023-12-08T13:37:52","guid":{"rendered":"https:\/\/www.saintlouis.be\/islfondamental\/?post_type=tribe_events&#038;p=1261"},"modified":"2023-12-08T14:37:52","modified_gmt":"2023-12-08T13:37:52","slug":"journees-pedagogiques-du-lundi-15-janvier-et-du-mardi-20-fevrier-2024","status":"publish","type":"tribe_events","link":"https:\/\/www.saintlouis.be\/islfondamental\/calendrier\/journees-pedagogiques-du-lundi-15-janvier-et-du-mardi-20-fevrier-2024\/","title":{"rendered":"Journ\u00e9es p\u00e9dagogiques du lundi 15 janvier et du mardi 20 f\u00e9vrier 2024."},"content":{"rendered":"<p>Chers Parents,<\/p>\n<p>Le <strong>lundi 15 janvier et le mardi 20 f\u00e9vrier<\/strong>, les professeurs des \u00e9coles Saint-Louis 1 &#8211; 2 et 3 seront en journ\u00e9es de formation. Les cours seront donc suspendus ces jours-l\u00e0 et les enfants auront cong\u00e9.<\/p>\n<p>Une\u00a0garderie sera organis\u00e9e\u00a0<strong>UNIQUEMENT pour les enfants dont les 2 PARENTS\u00a0TRAVAILLENT<\/strong> (une attestation de l&#8217;employeur est demand\u00e9e \u00e0 l&rsquo;accueil).<\/p>\n<p>La garderie aura lieu \u00e0 l&rsquo;<strong>Institut Saint-Louis 3 &#8211; 18 rue de Verviers 1210 Saint-Josse<\/strong>\u00a0&#8211; \u00e0 partir de 7h30 et se terminera au plus tard \u00e0 17h30. Les\u00a0enfants devront se munir de leur pique-nique et de leur gourde (pas de repas chauds). Des jeux de soci\u00e9t\u00e9 peuvent \u00eatre apport\u00e9s (Pas de jeux \u00e9lectroniques).<\/p>\n<p>Inscription via le <a href=\"https:\/\/forms.office.com\/e\/nxHmjHjN5X\">formulaire en ligne<\/a> obligatoire pour le jeudi 11 janvier au plus tard.<\/p>\n<p>Nous vous prions de croire, chers Parents, en notre entier d\u00e9vouement.<\/p>\n<p><strong><em>\u00a0\u00a0\u00a0\u00a0\u00a0\u00a0\u00a0\u00a0\u00a0\u00a0\u00a0\u00a0\u00a0\u00a0\u00a0\u00a0\u00a0\u00a0\u00a0\u00a0\u00a0\u00a0\u00a0\u00a0\u00a0\u00a0\u00a0\u00a0\u00a0\u00a0\u00a0\u00a0\u00a0\u00a0\u00a0\u00a0\u00a0\u00a0\u00a0\u00a0\u00a0\u00a0\u00a0\u00a0\u00a0\u00a0\u00a0\u00a0\u00a0\u00a0\u00a0\u00a0\u00a0\u00a0\u00a0\u00a0\u00a0\u00a0\u00a0\u00a0\u00a0\u00a0\u00a0 Les directions des \u00e9coles fondamentales Saint-Louis 1, 2 et 3.<\/em><\/strong><\/p>\n","protected":false},"excerpt":{"rendered":"<p>Chers Parents, Le lundi 15 janvier et le mardi 20 f\u00e9vrier, les professeurs des \u00e9coles Saint-Louis 1 &#8211; 2 et 3 seront en journ\u00e9es de formation. Les cours seront donc suspendus ces jours-l\u00e0 et les enfants auront cong\u00e9. Une\u00a0garderie sera organis\u00e9e\u00a0UNIQUEMENT pour les enfants dont&#8230;<\/p>\n","protected":false},"author":5,"featured_media":0,"comment_status":"closed","ping_status":"closed","template":"","meta":{"inline_featured_image":false,"_tribe_events_status":"","_tribe_events_status_reason":"","footnotes":""},"tags":[],"tribe_events_cat":[10,11,12],"class_list":["post-1261","tribe_events","type-tribe_events","status-publish","hentry","tribe_events_cat-saint-louis-1-marais","tribe_events_cat-saint-louis-2-cardinal","tribe_events_cat-saint-louis-3-verviers","cat_saint-louis-1-marais","cat_saint-louis-2-cardinal","cat_saint-louis-3-verviers"],"yoast_head":"<!-- This site is optimized with the Yoast SEO plugin v21.0 - https:\/\/yoast.com\/wordpress\/plugins\/seo\/ -->\n<title>Journ\u00e9es p\u00e9dagogiques du lundi 15 janvier et du mardi 20 f\u00e9vrier 2024. - Institut Saint-Louis Bruxelles - Enseignement fondamental<\/title>\n<meta name=\"robots\" content=\"index, follow, max-snippet:-1, max-image-preview:large, max-video-preview:-1\" \/>\n<link rel=\"canonical\" href=\"https:\/\/www.saintlouis.be\/islfondamental\/calendrier\/journees-pedagogiques-du-lundi-15-janvier-et-du-mardi-20-fevrier-2024\/2024-01-15\/\" \/>\n<meta property=\"og:locale\" content=\"fr_FR\" \/>\n<meta property=\"og:type\" content=\"article\" \/>\n<meta property=\"og:title\" content=\"Journ\u00e9es p\u00e9dagogiques du lundi 15 janvier et du mardi 20 f\u00e9vrier 2024. - Institut Saint-Louis Bruxelles - Enseignement fondamental\" \/>\n<meta property=\"og:description\" content=\"Chers Parents, Le lundi 15 janvier et le mardi 20 f\u00e9vrier, les professeurs des \u00e9coles Saint-Louis 1 &#8211; 2 et 3 seront en journ\u00e9es de formation. Les cours seront donc suspendus ces jours-l\u00e0 et les enfants auront cong\u00e9. Une\u00a0garderie sera organis\u00e9e\u00a0UNIQUEMENT pour les enfants dont...\" \/>\n<meta property=\"og:url\" content=\"https:\/\/www.saintlouis.be\/islfondamental\/calendrier\/journees-pedagogiques-du-lundi-15-janvier-et-du-mardi-20-fevrier-2024\/2024-01-15\/\" \/>\n<meta property=\"og:site_name\" content=\"Institut Saint-Louis Bruxelles - Enseignement fondamental\" \/>\n<meta name=\"twitter:card\" content=\"summary_large_image\" \/>\n<meta name=\"twitter:label1\" content=\"Dur\u00e9e de lecture estim\u00e9e\" \/>\n\t<meta name=\"twitter:data1\" content=\"1 minute\" \/>\n<script type=\"application\/ld+json\" class=\"yoast-schema-graph\">{\"@context\":\"https:\/\/schema.org\",\"@graph\":[{\"@type\":\"WebPage\",\"@id\":\"https:\/\/www.saintlouis.be\/islfondamental\/calendrier\/journees-pedagogiques-du-lundi-15-janvier-et-du-mardi-20-fevrier-2024\/2024-01-15\/\",\"url\":\"https:\/\/www.saintlouis.be\/islfondamental\/calendrier\/journees-pedagogiques-du-lundi-15-janvier-et-du-mardi-20-fevrier-2024\/2024-01-15\/\",\"name\":\"Journ\u00e9es p\u00e9dagogiques du lundi 15 janvier et du mardi 20 f\u00e9vrier 2024. - Institut Saint-Louis Bruxelles - Enseignement fondamental\",\"isPartOf\":{\"@id\":\"https:\/\/www.saintlouis.be\/islfondamental\/#website\"},\"datePublished\":\"2023-12-08T13:37:52+00:00\",\"dateModified\":\"2023-12-08T13:37:52+00:00\",\"breadcrumb\":{\"@id\":\"https:\/\/www.saintlouis.be\/islfondamental\/calendrier\/journees-pedagogiques-du-lundi-15-janvier-et-du-mardi-20-fevrier-2024\/2024-01-15\/#breadcrumb\"},\"inLanguage\":\"fr-FR\",\"potentialAction\":[{\"@type\":\"ReadAction\",\"target\":[\"https:\/\/www.saintlouis.be\/islfondamental\/calendrier\/journees-pedagogiques-du-lundi-15-janvier-et-du-mardi-20-fevrier-2024\/2024-01-15\/\"]}]},{\"@type\":\"BreadcrumbList\",\"@id\":\"https:\/\/www.saintlouis.be\/islfondamental\/calendrier\/journees-pedagogiques-du-lundi-15-janvier-et-du-mardi-20-fevrier-2024\/2024-01-15\/#breadcrumb\",\"itemListElement\":[{\"@type\":\"ListItem\",\"position\":1,\"name\":\"Accueil\",\"item\":\"https:\/\/www.saintlouis.be\/islfondamental\/\"},{\"@type\":\"ListItem\",\"position\":2,\"name\":\"\u00c9v\u00e8nements\",\"item\":\"https:\/\/www.saintlouis.be\/islfondamental\/calendrier\/\"},{\"@type\":\"ListItem\",\"position\":3,\"name\":\"Journ\u00e9es p\u00e9dagogiques du lundi 15 janvier et du mardi 20 f\u00e9vrier 2024.\"}]},{\"@type\":\"WebSite\",\"@id\":\"https:\/\/www.saintlouis.be\/islfondamental\/#website\",\"url\":\"https:\/\/www.saintlouis.be\/islfondamental\/\",\"name\":\"Institut Saint-Louis Bruxelles - Enseignement fondamental\",\"description\":\"\",\"publisher\":{\"@id\":\"https:\/\/www.saintlouis.be\/islfondamental\/#organization\"},\"potentialAction\":[{\"@type\":\"SearchAction\",\"target\":{\"@type\":\"EntryPoint\",\"urlTemplate\":\"https:\/\/www.saintlouis.be\/islfondamental\/?s={search_term_string}\"},\"query-input\":\"required name=search_term_string\"}],\"inLanguage\":\"fr-FR\"},{\"@type\":\"Organization\",\"@id\":\"https:\/\/www.saintlouis.be\/islfondamental\/#organization\",\"name\":\"Institut Saint-Louis\",\"url\":\"https:\/\/www.saintlouis.be\/islfondamental\/\",\"logo\":{\"@type\":\"ImageObject\",\"inLanguage\":\"fr-FR\",\"@id\":\"https:\/\/www.saintlouis.be\/islfondamental\/#\/schema\/logo\/image\/\",\"url\":\"https:\/\/www.saintlouis.be\/islfondamental\/wp-content\/uploads\/2023\/03\/Saint-Louis-Bruxelles-Logo.jpg\",\"contentUrl\":\"https:\/\/www.saintlouis.be\/islfondamental\/wp-content\/uploads\/2023\/03\/Saint-Louis-Bruxelles-Logo.jpg\",\"width\":900,\"height\":240,\"caption\":\"Institut Saint-Louis\"},\"image\":{\"@id\":\"https:\/\/www.saintlouis.be\/islfondamental\/#\/schema\/logo\/image\/\"}}]}<\/script>\n<!-- \/ Yoast SEO plugin. -->","yoast_head_json":{"title":"Journ\u00e9es p\u00e9dagogiques du lundi 15 janvier et du mardi 20 f\u00e9vrier 2024. - Institut Saint-Louis Bruxelles - Enseignement fondamental","robots":{"index":"index","follow":"follow","max-snippet":"max-snippet:-1","max-image-preview":"max-image-preview:large","max-video-preview":"max-video-preview:-1"},"canonical":"https:\/\/www.saintlouis.be\/islfondamental\/calendrier\/journees-pedagogiques-du-lundi-15-janvier-et-du-mardi-20-fevrier-2024\/2024-01-15\/","og_locale":"fr_FR","og_type":"article","og_title":"Journ\u00e9es p\u00e9dagogiques du lundi 15 janvier et du mardi 20 f\u00e9vrier 2024. - Institut Saint-Louis Bruxelles - Enseignement fondamental","og_description":"Chers Parents, Le lundi 15 janvier et le mardi 20 f\u00e9vrier, les professeurs des \u00e9coles Saint-Louis 1 &#8211; 2 et 3 seront en journ\u00e9es de formation. Les cours seront donc suspendus ces jours-l\u00e0 et les enfants auront cong\u00e9. Une\u00a0garderie sera organis\u00e9e\u00a0UNIQUEMENT pour les enfants dont...","og_url":"https:\/\/www.saintlouis.be\/islfondamental\/calendrier\/journees-pedagogiques-du-lundi-15-janvier-et-du-mardi-20-fevrier-2024\/2024-01-15\/","og_site_name":"Institut Saint-Louis Bruxelles - Enseignement fondamental","twitter_card":"summary_large_image","twitter_misc":{"Dur\u00e9e de lecture estim\u00e9e":"1 minute"},"schema":{"@context":"https:\/\/schema.org","@graph":[{"@type":"WebPage","@id":"https:\/\/www.saintlouis.be\/islfondamental\/calendrier\/journees-pedagogiques-du-lundi-15-janvier-et-du-mardi-20-fevrier-2024\/2024-01-15\/","url":"https:\/\/www.saintlouis.be\/islfondamental\/calendrier\/journees-pedagogiques-du-lundi-15-janvier-et-du-mardi-20-fevrier-2024\/2024-01-15\/","name":"Journ\u00e9es p\u00e9dagogiques du lundi 15 janvier et du mardi 20 f\u00e9vrier 2024. - Institut Saint-Louis Bruxelles - Enseignement fondamental","isPartOf":{"@id":"https:\/\/www.saintlouis.be\/islfondamental\/#website"},"datePublished":"2023-12-08T13:37:52+00:00","dateModified":"2023-12-08T13:37:52+00:00","breadcrumb":{"@id":"https:\/\/www.saintlouis.be\/islfondamental\/calendrier\/journees-pedagogiques-du-lundi-15-janvier-et-du-mardi-20-fevrier-2024\/2024-01-15\/#breadcrumb"},"inLanguage":"fr-FR","potentialAction":[{"@type":"ReadAction","target":["https:\/\/www.saintlouis.be\/islfondamental\/calendrier\/journees-pedagogiques-du-lundi-15-janvier-et-du-mardi-20-fevrier-2024\/2024-01-15\/"]}]},{"@type":"BreadcrumbList","@id":"https:\/\/www.saintlouis.be\/islfondamental\/calendrier\/journees-pedagogiques-du-lundi-15-janvier-et-du-mardi-20-fevrier-2024\/2024-01-15\/#breadcrumb","itemListElement":[{"@type":"ListItem","position":1,"name":"Accueil","item":"https:\/\/www.saintlouis.be\/islfondamental\/"},{"@type":"ListItem","position":2,"name":"\u00c9v\u00e8nements","item":"https:\/\/www.saintlouis.be\/islfondamental\/calendrier\/"},{"@type":"ListItem","position":3,"name":"Journ\u00e9es p\u00e9dagogiques du lundi 15 janvier et du mardi 20 f\u00e9vrier 2024."}]},{"@type":"WebSite","@id":"https:\/\/www.saintlouis.be\/islfondamental\/#website","url":"https:\/\/www.saintlouis.be\/islfondamental\/","name":"Institut Saint-Louis Bruxelles - Enseignement fondamental","description":"","publisher":{"@id":"https:\/\/www.saintlouis.be\/islfondamental\/#organization"},"potentialAction":[{"@type":"SearchAction","target":{"@type":"EntryPoint","urlTemplate":"https:\/\/www.saintlouis.be\/islfondamental\/?s={search_term_string}"},"query-input":"required name=search_term_string"}],"inLanguage":"fr-FR"},{"@type":"Organization","@id":"https:\/\/www.saintlouis.be\/islfondamental\/#organization","name":"Institut Saint-Louis","url":"https:\/\/www.saintlouis.be\/islfondamental\/","logo":{"@type":"ImageObject","inLanguage":"fr-FR","@id":"https:\/\/www.saintlouis.be\/islfondamental\/#\/schema\/logo\/image\/","url":"https:\/\/www.saintlouis.be\/islfondamental\/wp-content\/uploads\/2023\/03\/Saint-Louis-Bruxelles-Logo.jpg","contentUrl":"https:\/\/www.saintlouis.be\/islfondamental\/wp-content\/uploads\/2023\/03\/Saint-Louis-Bruxelles-Logo.jpg","width":900,"height":240,"caption":"Institut Saint-Louis"},"image":{"@id":"https:\/\/www.saintlouis.be\/islfondamental\/#\/schema\/logo\/image\/"}}]}},"_links":{"self":[{"href":"https:\/\/www.saintlouis.be\/islfondamental\/wp-json\/wp\/v2\/tribe_events\/1261","targetHints":{"allow":["GET"]}}],"collection":[{"href":"https:\/\/www.saintlouis.be\/islfondamental\/wp-json\/wp\/v2\/tribe_events"}],"about":[{"href":"https:\/\/www.saintlouis.be\/islfondamental\/wp-json\/wp\/v2\/types\/tribe_events"}],"author":[{"embeddable":true,"href":"https:\/\/www.saintlouis.be\/islfondamental\/wp-json\/wp\/v2\/users\/5"}],"replies":[{"embeddable":true,"href":"https:\/\/www.saintlouis.be\/islfondamental\/wp-json\/wp\/v2\/comments?post=1261"}],"version-history":[{"count":1,"href":"https:\/\/www.saintlouis.be\/islfondamental\/wp-json\/wp\/v2\/tribe_events\/1261\/revisions"}],"predecessor-version":[{"id":1263,"href":"https:\/\/www.saintlouis.be\/islfondamental\/wp-json\/wp\/v2\/tribe_events\/1261\/revisions\/1263"}],"wp:attachment":[{"href":"https:\/\/www.saintlouis.be\/islfondamental\/wp-json\/wp\/v2\/media?parent=1261"}],"wp:term":[{"taxonomy":"post_tag","embeddable":true,"href":"https:\/\/www.saintlouis.be\/islfondamental\/wp-json\/wp\/v2\/tags?post=1261"},{"taxonomy":"tribe_events_cat","embeddable":true,"href":"https:\/\/www.saintlouis.be\/islfondamental\/wp-json\/wp\/v2\/tribe_events_cat?post=1261"}],"curies":[{"name":"wp","href":"https:\/\/api.w.org\/{rel}","templated":true}]}}

Journées pédagogiques du lundi 15 janvier et du mardi 20 février 2024.

<p>Chers Parents,</p>
<p>Le <strong>lundi 15 janvier et le mardi 20 février</strong>, les professeurs des écoles Saint-Louis 1 &#8211; 2 et 3 seront en journées de formation. Les cours seront donc suspendus ces jours-là et les enfants auront congé.</p>
<p>Une garderie sera organisée <strong>UNIQUEMENT pour les enfants dont les 2 PARENTS TRAVAILLENT</strong> (une attestation de l&#8217;employeur est demandée à l&rsquo;accueil).</p>
<p>La garderie aura lieu à l&rsquo;<strong>Institut Saint-Louis 3 &#8211; 18 rue de Verviers 1210 Saint-Josse</strong> &#8211; à partir de 7h30 et se terminera au plus tard à 17h30. Les enfants devront se munir de leur pique-nique et de leur gourde (pas de repas chauds). Des jeux de société peuvent être apportés (Pas de jeux électroniques).</p>
<p>Inscription via le <a href="https://forms.office.com/e/nxHmjHjN5X">formulaire en ligne</a> obligatoire pour le jeudi 11 janvier au plus tard.</p>
<p>Nous vous prions de croire, chers Parents, en notre entier dévouement.</p>
<p><strong><em>                                                                Les directions des écoles fondamentales Saint-Louis 1, 2 et 3.</em></strong></p>

<p>Chers Parents, Le lundi 15 janvier et le mardi 20 février, les professeurs des écoles Saint-Louis 1 &#8211; 2 et 3 seront en journées de formation. Les cours seront donc suspendus ces jours-là et les enfants auront congé. Une garderie sera organisée UNIQUEMENT pour les enfants dont&#8230;</p>

<!-- This site is optimized with the Yoast SEO plugin v21.0 - https://yoast.com/wordpress/plugins/seo/ -->
<title>Journées pédagogiques du lundi 15 janvier et du mardi 20 février 2024. - Institut Saint-Louis Bruxelles - Enseignement fondamental</title>
<meta name="robots" content="index, follow, max-snippet:-1, max-image-preview:large, max-video-preview:-1" />
<link rel="canonical" href="https://www.saintlouis.be/islfondamental/calendrier/journees-pedagogiques-du-lundi-15-janvier-et-du-mardi-20-fevrier-2024/2024-01-15/" />
<meta property="og:locale" content="fr_FR" />
<meta property="og:type" content="article" />
<meta property="og:title" content="Journées pédagogiques du lundi 15 janvier et du mardi 20 février 2024. - Institut Saint-Louis Bruxelles - Enseignement fondamental" />
<meta property="og:description" content="Chers Parents, Le lundi 15 janvier et le mardi 20 février, les professeurs des écoles Saint-Louis 1 &#8211; 2 et 3 seront en journées de formation. Les cours seront donc suspendus ces jours-là et les enfants auront congé. Une garderie sera organisée UNIQUEMENT pour les enfants dont..." />
<meta property="og:url" content="https://www.saintlouis.be/islfondamental/calendrier/journees-pedagogiques-du-lundi-15-janvier-et-du-mardi-20-fevrier-2024/2024-01-15/" />
<meta property="og:site_name" content="Institut Saint-Louis Bruxelles - Enseignement fondamental" />
<meta name="twitter:card" content="summary_large_image" />
<meta name="twitter:label1" content="Durée de lecture estimée" />
	<meta name="twitter:data1" content="1 minute" />
<script type="application/ld+json" class="yoast-schema-graph">{"@context":"https://schema.org","@graph":[{"@type":"WebPage","@id":"https://www.saintlouis.be/islfondamental/calendrier/journees-pedagogiques-du-lundi-15-janvier-et-du-mardi-20-fevrier-2024/2024-01-15/","url":"https://www.saintlouis.be/islfondamental/calendrier/journees-pedagogiques-du-lundi-15-janvier-et-du-mardi-20-fevrier-2024/2024-01-15/","name":"Journées pédagogiques du lundi 15 janvier et du mardi 20 février 2024. - Institut Saint-Louis Bruxelles - Enseignement fondamental","isPartOf":{"@id":"https://www.saintlouis.be/islfondamental/#website"},"datePublished":"2023-12-08T13:37:52+00:00","dateModified":"2023-12-08T13:37:52+00:00","breadcrumb":{"@id":"https://www.saintlouis.be/islfondamental/calendrier/journees-pedagogiques-du-lundi-15-janvier-et-du-mardi-20-fevrier-2024/2024-01-15/#breadcrumb"},"inLanguage":"fr-FR","potentialAction":[{"@type":"ReadAction","target":["https://www.saintlouis.be/islfondamental/calendrier/journees-pedagogiques-du-lundi-15-janvier-et-du-mardi-20-fevrier-2024/2024-01-15/"]}]},{"@type":"BreadcrumbList","@id":"https://www.saintlouis.be/islfondamental/calendrier/journees-pedagogiques-du-lundi-15-janvier-et-du-mardi-20-fevrier-2024/2024-01-15/#breadcrumb","itemListElement":[{"@type":"ListItem","position":1,"name":"Accueil","item":"https://www.saintlouis.be/islfondamental/"},{"@type":"ListItem","position":2,"name":"Évènements","item":"https://www.saintlouis.be/islfondamental/calendrier/"},{"@type":"ListItem","position":3,"name":"Journées pédagogiques du lundi 15 janvier et du mardi 20 février 2024."}]},{"@type":"WebSite","@id":"https://www.saintlouis.be/islfondamental/#website","url":"https://www.saintlouis.be/islfondamental/","name":"Institut Saint-Louis Bruxelles - Enseignement fondamental","description":"","publisher":{"@id":"https://www.saintlouis.be/islfondamental/#organization"},"potentialAction":[{"@type":"SearchAction","target":{"@type":"EntryPoint","urlTemplate":"https://www.saintlouis.be/islfondamental/?s={search_term_string}"},"query-input":"required name=search_term_string"}],"inLanguage":"fr-FR"},{"@type":"Organization","@id":"https://www.saintlouis.be/islfondamental/#organization","name":"Institut Saint-Louis","url":"https://www.saintlouis.be/islfondamental/","logo":{"@type":"ImageObject","inLanguage":"fr-FR","@id":"https://www.saintlouis.be/islfondamental/#/schema/logo/image/","url":"https://www.saintlouis.be/islfondamental/wp-content/uploads/2023/03/Saint-Louis-Bruxelles-Logo.jpg","contentUrl":"https://www.saintlouis.be/islfondamental/wp-content/uploads/2023/03/Saint-Louis-Bruxelles-Logo.jpg","width":900,"height":240,"caption":"Institut Saint-Louis"},"image":{"@id":"https://www.saintlouis.be/islfondamental/#/schema/logo/image/"}}]}</script>
<!-- / Yoast SEO plugin. -->

Journées pédagogiques du lundi 15 janvier et du mardi 20 février 2024. - Institut Saint-Louis Bruxelles - Enseignement fondamental

Chers Parents, Le lundi 15 janvier et le mardi 20 février, les professeurs des écoles Saint-Louis 1 &#8211; 2 et 3 seront en journées de formation. Les cours seront donc suspendus ces jours-là et les enfants auront congé. Une garderie sera organisée UNIQUEMENT pour les enfants dont...

Évènements
